 common factor of 1838 and 2?
2
Calculate the greatest common divisor of 22 and 121.
11
Calculate the highest common factor of 88 and 9240.
88
Calculate the greatest common divisor of 161 and 35.
7
Calculate the greatest common factor of 32 and 3368.
8
Calculate the greatest common factor of 49 and 56.
7
Calculate the greatest common factor of 44 and 407.
11
What is the greatest common factor of 1207 and 170?
17
What is the greatest common divisor of 34 and 27098?
34
What is the greatest common divisor of 286 and 132?
22
Calculate the highest common divisor of 74 and 4.
2
Calculate the greatest common divisor of 97 and 20176.
97
Calculate the greatest common factor of 651 and 357.
21
What is the highest common factor of 5 and 4?
1
What is the greatest common divisor of 60 and 312?
12
Calculate the greatest common divisor of 48 and 174.
6
What is the greatest common divisor of 1207 and 2201?
71
Calculate the highest common factor of 398 and 34.
2
Calculate the highest common factor of 5 and 8.
1
What is the greatest common factor of 76 and 7581?
19
What is the greatest common divisor of 1392 and 156?
12
Calculate the highest common divisor of 1552 and 970.
194
What is the highest common divisor of 19 and 1007?
19
Calculate the greatest common factor of 182 and 30394.
182
What is the greatest common factor of 24016 and 48?
16
What is the highest common divisor of 40 and 6480?
40
Calculate the greatest common divisor of 69 and 46.
23
Calculate the highest common divisor of 36 and 1170.
18
Calculate the greatest common divisor of 437 and 19.
19
What is the highest common factor of 26247 and 78?
39
Calculate the greatest common divisor of 9 and 3186.
9
Calculate the greatest common factor of 992 and 8.
8
What is the greatest common divisor of 792 and 44?
44
Calculate the greatest common divisor of 7618 and 26.
26
Calculate the highest common divisor of 30 and 22830.
30
What is the highest common divisor of 138 and 5037?
69
Calculate the greatest common factor of 442 and 26.
26
What is the greatest common divisor of 90 and 420?
30
Calculate the highest common divisor of 1113 and 21.
21
Calculate the highest common divisor of 867 and 459.
51
Calculate the highest common divisor of 48 and 267.
3
What is the greatest common factor of 59 and 59?
59
What is the greatest common factor of 3424 and 320?
32
What is the greatest common divisor of 1600 and 256?
64
Calculate the highest common divisor of 2 and 314.
2
Calculate the highest common factor of 22 and 1507.
11
What is the highest common divisor of 9 and 207?
9
What is the greatest common divisor of 4 and 11?
1
What is the greatest common divisor of 572 and 13?
13
Calculate the highest common divisor of 7 and 322.
7
What is the greatest common factor of 4 and 52?
4
What is the greatest common divisor of 340 and 80?
20
What is the highest common factor of 26 and 5941?
13
Calculate the greatest common divisor of 71 and 568.
71
What is the greatest common factor of 845 and 5?
5
Calculate the highest common divisor of 2365 and 55.
55
What is the highest common divisor of 561 and 153?
51
Calculate the greatest common factor of 46848 and 183.
183
Calculate the highest common factor of 873 and 9.
9
What is the highest common divisor of 60 and 1182?
6
What is the highest common divisor of 1344 and 42?
42
Calculate the highest common factor of 1749 and 1113.
159
Calculate the highest common factor of 153 and 238.
17
What is the highest common divisor of 42 and 105?
21
Calculate the greatest common factor of 273 and 147.
21
Calculate the greatest common divisor of 54 and 8046.
54
Calculate the greatest common divisor of 17 and 2074.
17
What is the highest common factor of 34 and 101?
1
What is the greatest common divisor of 125 and 450?
25
What is the highest common factor of 2279 and 215?
43
Calculate the greatest common factor of 2390 and 10.
10
What is the highest common divisor of 60 and 24?
12
What is the greatest common factor of 8 and 3?
1
Calculate the highest common divisor of 2367 and 63.
9
Calculate the highest common factor of 100 and 180.
20
Calculate the greatest common divisor of 216 and 264.
24
Calculate the highest common divisor of 144 and 1536.
48
What is the greatest common factor of 32 and 14680?
8
What is the highest common divisor of 26 and 546?
26
What is the highest common divisor of 24 and 24?
24
What is the highest common divisor of 136 and 782?
34
Calculate the greatest common factor of 8302 and 14.
14
Calculate the greatest common divisor of 66 and 38280.
66
Calculate the highest common factor of 464 and 377.
29
What is the greatest common factor of 2520 and 1176?
168
Calculate the highest common divisor of 9 and 15021.
9
What is the greatest common divisor of 901 and 2?
1
Calculate the greatest common divisor of 5995 and 110.
55
Calculate the highest common divisor of 44 and 550.
22
What is the greatest common factor of 93 and 124?
31
What is the highest common divisor of 112 and 160?
16
Calculate the highest common factor of 316 and 116.
4
What is the greatest common divisor of 319 and 232?
29
What is the greatest common factor of 123 and 779?
41
Calculate the highest common divisor of 4242 and 101.
101
What is the highest common divisor of 5380 and 60?
20
What is the greatest common factor of 28 and 5348?
28
Calculate the highest common divisor of 115680 and 40.
40
Calculate the highest common divisor of 265 and 159.
53
Calculate the greatest common factor of 52 and 624.
52
Calculate the greatest common factor of 323 and 17.
17
Calculate the highest common divisor of 4164 and 12.
12
Calculate the greatest common factor of 78 and 6.
6
Calculate the greatest common divisor of 78894 and 162.
162
What is the highest common factor of 46 and 6?
2
Calculate the highest common divisor of 987 and 84.
21
Calculate the greatest common factor of 240 and 3680.
80
What is the greatest common factor of 1012 and 23?
23
What is the highest common divisor of 38 and 38?
38
What is the highest common factor of 564 and 96?
12
What is the greatest common factor of 136 and 32?
8
What is the highest common factor of 138 and 918?
6
Calculate the highest common divisor of 86 and 430.
86
What is the highest common divisor of 3 and 32?
1
What is the greatest common factor of 8235 and 270?
135
What is the highest common factor of 5876 and 104?
52
What is the highest common divisor of 1 and 13?
1
What is the highest common divisor of 85 and 1635?
5
What is the highest common divisor of 244 and 80?
4
What is the greatest common divisor of 58 and 464?
58
Calculate the highest common divisor of 126 and 2583.
63
Calculate the greatest common factor of 27018 and 1710.
342
What is the greatest common divisor of 2 and 178?
2
What is the greatest common factor of 90 and 56205?
45
Calculate the highest common divisor of 11 and 9064.
11
Calculate the highest common divisor of 240 and 150.
30
Calculate the greatest common factor of 44 and 7040.
44
Calculate the highest common factor of 9 and 81.
9
What is the greatest common divisor of 9 and 1557?
9
Calculate the greatest common divisor of 41 and 164.
41
What is the highest common divisor of 1258 and 1184?
74
What is the highest common factor of 9936 and 288?
144
What is the greatest common divisor of 5 and 1?
1
Calculate the greatest common divisor of 59 and 1888.
59
Calculate the greatest common factor of 36 and 204.
12
Calculate the highest common divisor of 5 and 115.
5
What is the highest common divisor of 704 and 33?
11
Calculate the greatest common factor of 18 and 78.
6
Calculate the highest common divisor of 830 and 10.
10
What is the greatest common factor of 38 and 8341?
19
Calculate the highest common factor of 121 and 36058.
121
Calculate the highest common divisor of 35 and 2920.
5
What is the greatest common divisor of 92 and 12?
4
What is the greatest common divisor of 6154 and 181?
181
Calculate the greatest common factor of 580 and 100.
20
What is the highest common factor of 295 and 20?
5
Calculate the highest common divisor of 148 and 48.
4
What is the greatest common factor of 3956 and 516?
172
What is the greatest common divisor of 8775 and 117?
117
What is the greatest common divisor of 12120 and 480?
120
What is the greatest common factor of